{"id":733,"date":"2012-09-20T10:51:52","date_gmt":"2012-09-20T10:51:52","guid":{"rendered":"http:\/\/localhost:49401\/?page_id=733"},"modified":"2018-03-29T12:53:05","modified_gmt":"2018-03-29T12:53:05","slug":"firmast","status":"publish","type":"page","link":"https:\/\/karukapa.ee\/?page_id=733","title":{"rendered":"Firmast"},"content":{"rendered":"<p><strong>Karuk\u00e4pa Puukool <\/strong>pakub Teile ilupuid, millised sobivad nii linnahaljastusse kui ka koduaeda. Puukool tegutseb aastast 1998\u00a0 ning seega on meil juba 20 aastat kogemusi\u00a0 puude kasvatamisel Eestis. Karuk\u00e4pa Puukool asub J\u00f5geva maakonnas, mis on \u00fcks\u00a0 k\u00fclmematest piirkondadest Eestis. Kuna puud on kasvatatud k\u00fclmas piirkonnas, siis v\u00f5ib kindel olla, et puud peavad talvek\u00fclmadele h\u00e4sti vastu ka mujal Eestis.<\/p>\n<p>Osa puudest on kasvatatud istutuskottides ning nende \u00fcmberistutamisel on j\u00e4rgmised eeliseid:\u00a0\u00a0 <strong>1.<\/strong> Kui tavameetodil kasvatatud puu v\u00e4ljakaevamisel saavad sageli 75 \u2013 80 % juurtest kas l\u00e4bi l\u00f5igatud v\u00f5i vigastatud, siis kotis kasvatatud istikul s\u00e4ilivad juured\u00a0 95 \u2013 100 % ulatuses.<strong> 2<\/strong>. Juurestik on v\u00e4ga tihe ja kompaktne. <strong>3.<\/strong> Suurel puul on suhteliselt v\u00e4ike mullapall, mist\u00f5ttu on teda kergem\u00a0 k\u00e4sitseda \u2013 koti\u00a0 t\u00f5stmine on j\u00f5ukohane kahele inimesele. <strong>4.<\/strong> Istutamiseks\u00a0 sobiv aeg on kevadest s\u00fcgiseni. <strong>5.<\/strong> Kotist vabanemisel juurdub puu kiiresti ja edasine\u00a0 kasv\u00a0 uues pinnases on\u00a0 v\u00e4ga intensiivne.<\/p>\n<p>Suuremad puud on v\u00e4lja kaevatud spetsiaalse masinaga, mis minimaliseerib vigastusi juurtele. Mullapall on pakitud\u00a0 d\u017euutkangasse (jute) ning selle peal asetsevasse traatv\u00f5rku. Nimetatud kangas laguneb mullas m\u00f5ne kuuga\u00a0 ning\u00a0 traadist v\u00f5rk paari aastaga. Istutamise k\u00e4igus tuleb ainult kangasse tehtud s\u00f5lm mullapalli pealt lahti siduda ja v\u00f5rgu \u00fclemine j\u00e4me traat katki l\u00f5igata ning eemaldada.<\/p>\n<p>Puude valik on koostatud nii, et see vastab Eesti tingimustele. K\u00f5igil m\u00fc\u00fcgil olevatel ilupuudel on mingi erip\u00e4ra\u00a0 &#8211;\u00a0 kas kirju v\u00f5i v\u00e4rviline leht, ilus \u00f5is, omap\u00e4rane vili, kaunis s\u00fcgisv\u00e4rv v\u00f5i eriline v\u00f5ra kuju.<\/p>\n<p>&nbsp;<\/p>\n","protected":false},"excerpt":{"rendered":"<p>Karuk\u00e4pa Puukool pakub Teile ilupuid, millised sobivad nii linnahaljastusse kui ka koduaeda. Puukool tegutseb aastast 1998\u00a0 ning seega on meil juba 20 aastat kogemusi\u00a0 puude kasvatamisel Eestis. Karuk\u00e4pa Puukool asub J\u00f5geva maakonnas, mis on \u00fcks\u00a0 k\u00fclmematest piirkondadest Eestis. Kuna puud &hellip; <a href=\"https:\/\/karukapa.ee\/?page_id=733\">Continue reading <span class=\"meta-nav\">&rarr;<\/span><\/a><\/p>\n","protected":false},"author":6,"featured_media":0,"parent":0,"menu_order":0,"comment_status":"closed","ping_status":"closed","template":"","meta":[],"_links":{"self":[{"href":"https:\/\/karukapa.ee\/index.php?rest_route=\/wp\/v2\/pages\/733"}],"collection":[{"href":"https:\/\/karukapa.ee\/index.php?rest_route=\/wp\/v2\/pages"}],"about":[{"href":"https:\/\/karukapa.ee\/index.php?rest_route=\/wp\/v2\/types\/page"}],"author":[{"embeddable":true,"href":"https:\/\/karukapa.ee\/index.php?rest_route=\/wp\/v2\/users\/6"}],"replies":[{"embeddable":true,"href":"https:\/\/karukapa.ee\/index.php?rest_route=%2Fwp%2Fv2%2Fcomments&post=733"}],"version-history":[{"count":5,"href":"https:\/\/karukapa.ee\/index.php?rest_route=\/wp\/v2\/pages\/733\/revisions"}],"predecessor-version":[{"id":1707,"href":"https:\/\/karukapa.ee\/index.php?rest_route=\/wp\/v2\/pages\/733\/revisions\/1707"}],"wp:attachment":[{"href":"https:\/\/karukapa.ee\/index.php?rest_route=%2Fwp%2Fv2%2Fmedia&parent=733"}],"curies":[{"name":"wp","href":"https:\/\/api.w.org\/{rel}","templated":true}]}}